2 - 11*n - 51. Give t(-6).
-57
Let r(h) = 338*h + 850. Give r(-3).
-164
Let o(n) = n**2 - 11*n - 66. Give o(21).
144
Let q(a) = 3*a**3 + 1039*a**2 - 2081*a. Calculate q(2).
18
Let a(u) = -u**3 - 13*u**2 + 3*u + 20. Calculate a(-13).
-19
Let i(m) = 628*m - 5735. Give i(9).
-83
Let x(m) = 50*m**2 - 1100*m - 9. What is x(22)?
-9
Let g(m) = 14*m + 526. What is g(-42)?
-62
Let o(k) = k**3 + 19*k**2 - 16*k + 43. Calculate o(-20).
-37
Let o(d) = d**2 - 28644*d + 28645. Calculate o(1).
2
Let t(v) = -v**3 - 15*v**2 - 28*v + 16. Give t(-13).
42
Let i(t) = -2*t**2 + 14*t + 48. Give i(-3).
-12
Let a(s) = -4991*s + 54918. Determine a(11).
17
Let a(f) = -1119*f - 31. Calculate a(0).
-31
Let f(g) = -30*g - 142. Give f(-5).
8
Let v(m) = -m**3 - 10*m**2 + 46*m + 129. Give v(-13).
38
Let t(y) = y**3 - 37*y**2 + 65*y + 52. Determine t(35).
-123
Let v(k) = k**2 - 16*k + 11. What is v(20)?
91
Let v(h) = 42*h + 68. Give v(-3).
-58
Let s(l) = 50*l - 706. Give s(14).
-6
Let i(d) = 5*d**2 - 998*d + 1570. Determine i(198).
-14
Let t(r) = 32*r**2 + 207*r - 615. Give t(3).
294
Let i(m) = -7*m**2 - 13*m + 95. Give i(-5).
-15
Let i(d) = -2*d**2 - 23*d - 30. Calculate i(-8).
26
Let u(q) = -14*q**3 + 2*q**2 - 10*q - 12. Calculate u(-1).
14
Let y(l) = -3*l**2 - l + 26. Calculate y(5).
-54
Let f(x) = x**3 - 101*x**2 + 1426*x + 42. What is f(17)?
8
Let b(j) = -467*j + 3249. Give b(7).
-20
Let t(x) = -56*x**2 - 835*x + 80. Give t(-15).
5
Let w(r) = -r**3 + 13*r**2 - 29*r - 11. What is w(10)?
-1
Let h(z) = 915*z + 7314. Determine h(-8).
-6
Let u(x) = -15*x**2 + 231*x + 230. Calculate u(-1).
-16
Let f(u) = 81*u + 30. Determine f(2).
192
Let j(r) = r**2 + 39*r + 96. Calculate j(-31).
-152
Let x(h) = 3359*h - 26866. Determine x(8).
6
Let h(k) = 9*k - 107. Give h(12).
1
Let z(o) = -2*o**3 + 22*o**2 - o + 20. What is z(11)?
9
Let f(x) = -11*x**3 + 2398*x**2 + 10. Determine f(218).
10
Let h(w) = -5*w**3 - 8*w**2 - 6*w + 58. Give h(5).
-797
Let g(c) = 409*c - 415. What is g(1)?
-6
Let a(h) = 51*h - 427. Determine a(6).
-121
Let o(t) = t**3 - 89*t**2 - 94*t + 61. Give o(90).
-299
Let m(u) = -9*u + 118. Calculate m(-23).
325
Let y(q) = -97*q - 982. Calculate y(-11).
85
Let q(f) = -75*f - 13279. Give q(-177).
-4
Let j(v) = -7*v + 385. Calculate j(55).
0
Let u(p) = 3*p**3 - 7*p**2 + 6*p - 8. Give u(3).
28
Let n(h) = -h**2 + 688*h - 49671. Calculate n(82).
21
Let y(x) = -17*x + 1175. What is y(54)?
257
Let y(p) = 84*p - 12. Determine y(0).
-12
Let z(r) = -2382*r - 14294. Give z(-6).
-2
Let v(p) = -2*p**3 + p**2 - 7*p + 1. Determine v(2).
-25
Let n(h) = h**3 - 33*h**2 + 57*h + 161. What is n(31)?
6
Let i(y) = -y**3 - 2*y**2 - 11*y - 51. Determine i(0).
-51
Let r(h) = h**2 - 32*h + 134. Calculate r(6).
-22
Let s(m) = -1248*m + 6242. Determine s(5).
2
Let r(m) = m**3 + 12*m**2 - 864*m + 24. Calculate r(-36).
24
Let r(x) = 344*x - 1715. Give r(5).
5
Let s(w) = w**3 - 19*w**2 + 59*w + 40. What is s(15)?
25
Let p(g) = 163*g - 2803. Give p(18).
131
Let o(j) = 417*j**2 + 7*j + 7. What is o(-1)?
417
Let p(h) = -h**3 + 5*h**2 + 12*h - 33. Give p(6).
3
Let t(u) = u**2 + 41*u + 404. What is t(-24)?
-4
Let o(n) = -33*n - 1682. Calculate o(-51).
1
Let m(u) = 76*u - 1624. Determine m(21).
-28
Let h(f) = -185*f**2 + 5929*f - 272. Give h(32).
16
Let f(k) = -1042*k - 26067. What is f(-25)?
-17
Let q(w) = -w**3 - 80*w**2 + 335*w - 84. What is q(-84)?
0
Let i(t) = -9*t**3 - 18*t**2 - 4*t - 9. Calculate i(-2).
-1
Let z(y) = -128*y + 6730. Give z(52).
74
Let v(h) = -446*h + 2676. Calculate v(6).
0
Let n(k) = 80*k + 234. What is n(-7)?
-326
Let n(l) = l**3 - 25*l - 8. Calculate n(-5).
-8
Let d(t) = -8*t**3 - 274*t**2 - 71*t - 52. Determine d(-34).
50
Let u(h) = -h**3 - 26*h**2 + 35*h - 60. Give u(-27).
-276
Let b(t) = 20*t**2 + 705*t + 708. Calculate b(-1).
23
Let p(i) = i**3 + 22*i**2 + 44*i + 26. Calculate p(-20).
-54
Let c(a) = -21*a**3 + 38*a - 37. Determine c(1).
-20
Let i(w) = -w**3 + 9*w**2 - 2*w - 65. What is i(7)?
19
Let l(f) = -5*f**2 + 18*f + 13. What is l(4)?
5
Let y(s) = 134*s**3 + 6*s**2 + s - 2. Calculate y(1).
139
Let f(l) = 25*l**2 + 122*l - 17. Determine f(-5).
-2
Let o(l) = 70*l + 84. What is o(0)?
84
Let m(o) = 3*o**3 - 4*o**2 + 2*o - 1. Calculate m(-3).
-124
Let f(g) = 3*g**2 - 112*g + 169. What is f(38)?
245
Let d(x) = 8*x - 6. Calculate d(-13).
-110
Let k(p) = 33*p - 405. What is k(11)?
-42
Let v(s) = -2*s + 91. Give v(20).
51
Let z(w) = -70*w - 3565. Determine z(-51).
5
Let p(k) = 2*k**3 + 21*k**2 - 152*k - 1616. Calculate p(-10).
4
Let n(y) = -y**2 - 21*y - 127. Give n(-11).
-17
Let p(m) = 38*m + 672. Determine p(-19).
-50
Let z(s) = 30*s + 459. Give z(-16).
-21
Let s(i) = -181*i**2 - 12*i - 13. Give s(-1).
-182
Let q(o) = -167*o**3 + 8*o**2 + 7*o + 1. Calculate q(-1).
169
Let g(l) = 2*l**2 + 311*l + 166. Calculate g(-155).
11
Let f(t) = -3*t**2 - 32*t + 141. What is f(-15)?
-54
Let b(k) = 2*k**3 - 3*k**2 - 57*k + 9. Give b(7).
149
Let c(b) = -280*b + 15964. Give c(57).
4
Let l(o) = 4*o**2 - 31*o + 113. Calculate l(8).
121
Let y(j) = 2*j**2 + 63*j + 428. What is y(-21)?
-13
Let q(b) = -2*b**3 + 48*b**2 + 16*b - 387. Determine q(24).
-3
Let h(n) = -95*n - 769. Determine h(-8).
-9
Let l(n) = n**2 + 913*n - 10160. Determine l(11).
4
Let t(f) = f**2 - 36*f - 5764. Calculate t(-60).
-4
Let j(b) = 683*b + 4653. Determine j(-7).
-128
Let p(q) = 99*q - 205. Calculate p(2).
-7
Let d(z) = -z**2 + 219*z - 9019. Determine d(164).
1
Let q(p) = -p**3 + 2*p**2 + 5*p - 1. Determine q(3).
5
Let x(h) = 2*h**3 - 7*h**2 - 398*h + 1577. What is x(4)?
1
Let h(y) = 2290*y - 11426. Determine h(5).
24
Let j(f) = -f**2 + 61*f - 852. What is j(39)?
6
Let i(t) = -t**2 - 28*t + 186. Calculate i(-29).
157
Let q(k) = -10*k**2 - 23*k + 76. Determine q(6).
-422
Let k(g) = g**3 - g**2 - 48*g + 94. Give k(2).
2
Let g(f) = -223*f + 4009. Give g(18).
-5
Let b(j) = j**2 - 43*j - 2510. Calculate b(-33).
-2
Let i(j) = -108*j**3 - 9*j**2 + 2*j + 5. Calculate i(-1).
102
Let p(x) = 89*x + 387. What is p(-4)?
31
Let y(u) = u**3 + 8*u + 78. What is y(-4)?
-18
Let p(h) = 701*h - 21718. Calculate p(31).
13
Let v(a) = 2330*a + 65245. What is v(-28)?
5
Let r(o) = 174*o - 1395. Give r(8).
-3
Let c(q) = -4*q**2 + 55*q - 160. Determine c(6).
26
Let i(d) = -9*d**2 - 7*d + 10. Give i(-3).
-50
Let d(l) = 5*l**3 - 13*l**2 - 14*l + 16. Determine d(4).
72
Let d(v) = -60*v + 391. What is d(6)?
31
Let m(y) = -8*y**2 - 103*y + 3. Give m(-12).
87
Let h(u) = u**2 + 55*u + 747. Determine h(-24).
3
Let f(n) = -n**3 - 37*n**2 - 5*n - 178. Calculate f(-37).
7
Let r(h) = -2*h**3 + 158*h**2 + h - 81. Give r(79).
-2
Let w(k) = 1397*k + 53068. What is w(-38)?
-18
Let y(b) = 2*b**3 + 124*b**2 + 1846*b - 63. What is y(-25)?
37
Let q(s) = 37*s + 993. Determine q(-26).
31
Let s(a) = -a**2 - 129*a - 2551. Determine s(-104).
49
Let g(s) = -s**2 + 74*s - 139. Give g(55).
906
Let w(h) = 130*h - 75. What is w(1)?
55
Let d(b) = -35*b + 145. Give d(4).
5
Let w(k) = 34*k + 1194. What is w(-20)?
514
Let q(n) = -2*n**2 + 287*n + 9799. Determine q(172).
-5
Let d(z) = -z**3 + 14*z**2 + 24*z + 132. Calculate d(16).
4
Let k(f) = -169*f + 1216. Give k(7).
33
Let d(u) = 262*u - 42712. Give d(163).
-6
Let o(s) = s**3 + 14*s**2 - 14*s + 9. Calculate o(-5).
304
Let s(o) = 50*o - 2244. What is s(45)?
6
Let u(p) = -p**3 - 6*p**2 + 8*p + 7. Determine u(-7).
0
Let d(m) = -2*m**2 + 45*m - 189. Calculate d(6).
9
Let k(j) = -j**3 - 12*j**2 + 11*j + 241. Give k(-11).
-1
Let q(i) = i**3 + 3*i**2 - 16*i - 76. What is q(-6)?
-88
Let m(d) = -4*d**2 + 373*d + 372. Give m(-1).
-5
Let r(u) = -3*u**2 - 116*u - 949. Calculate r(-26).
39
Let s(i) = 4*i**2 + 613*i - 2435. Calculate s(4).
81
Let s(j) = j**3 + 41*j**2 + 375*j - 20. Give s(-27).
61
Let i(f) = 6*f**3 - 5*f**2 - 5*f - 2. Calculate i(-1).
-8
Let s(w) = -4*w + 271. Determine s(21).
187
Let q(k) = k**2 - 8*k + 12. Determine q(-10).
192
Let c(p) = -p**2 + 86*p - 1558. Calculate c(31).
147
Let y(i) = -i**3 - 4*i**2 + 3*i + 17. Calculate y(-3).
-1
Let b(p) = 7376*p + 14754. Calculate b(-2).
2
Let z(p) = -p**2 + 214*p - 11166. What is z(90)?
-6
Let k(w) = w**3 - 10*w**2 - 25*w - 13. Calculate k(10).
-263
Let s(u) = -u**3 + 136*u**2 + 852*u - 12. Determine s(-6).
-12
Let k(r) = 7*r + 185. Calculate k(-43).
-116
Let u(i) = 89*i + 1103. Calcul